se 7?
-5055
Convert 23233 (base 5) to base 6.
11501
61344 (base 7) to base 15
4653
-5460 (base 12) to base 13
-42c6
Convert -1ca (base 14) to base 9.
-455
Convert -1493 (base 15) to base 10.
-4413
What is -17603 (base 8) in base 12?
-4803
7055 (base 12) to base 10
12161
-594 (base 14) to base 13
-675
What is -7 (base 12) in base 10?
-7
Convert 23050 (base 8) to base 11.
7380
3320 (base 5) to base 7
1225
26b (base 13) to base 2
110101011
What is -4521 (base 8) in base 11?
-1879
Convert 8644 (base 10) to base 7.
34126
What is 1567 (base 15) in base 4?
1013311
What is 20002010 (base 3) in base 9?
6063
What is -3c8 (base 13) in base 10?
-671
What is 4361 (base 7) in base 16?
61a
What is 549 (base 16) in base 12?
949
Convert -22433 (base 5) to base 4.
-121102
-1011000110 (base 2) to base 9
-868
What is 133415 (base 6) in base 15?
3a62
What is -420 (base 12) in base 16?
-258
What is a58 (base 11) in base 6?
5521
-2203 (base 6) to base 7
-1323
What is 2320300 (base 4) in base 3?
121012221
-aa7c (base 13) to base 3
-1012121010
What is -100011001010100 (base 2) in base 10?
-18004
Convert -40105 (base 6) to base 2.
-1010001101001
-433b (base 16) to base 5
-1022321
What is -1541 (base 6) in base 7?
-1141
321311 (base 4) to base 14
14c5
15355 (base 6) to base 9
3408
Convert -6746 (base 8) to base 7.
-13242
10645 (base 8) to base 7
16112
Convert 10041 (base 7) to base 12.
14a6
503 (base 7) to base 3
100012
Convert 1201202 (base 3) to base 2.
10011101110
Convert 100110110 (base 2) to base 4.
10312
Convert -4926 (base 15) to base 16.
-3cc9
What is 1b1 (base 15) in base 4?
12013
What is -c29 (base 15) in base 6?
-20403
What is -111010111100 (base 2) in base 9?
-5151
13052 (base 8) to base 13
2776
Convert -33101 (base 4) to base 11.
-809
1010101 (base 3) to base 11
686
-4102 (base 8) to base 11
-1652
What is 231126 (base 7) in base 14?
1104d
-1411313 (base 5) to base 4
-13010132
Convert cba3 (base 13) to base 12.
144b0
Convert 724a (base 11) to base 16.
258d
689 (base 12) to base 14
4d3
What is -81a2 (base 11) in base 14?
-3d73
What is 23961 (base 10) in base 2?
101110110011001
What is 217d (base 16) in base 8?
20575
-1000 (base 4) to base 8
-100
What is 4176 (base 8) in base 10?
2174
Convert 211 (base 9) to base 8.
254
-44110 (base 5) to base 6
-22010
Convert -12211 (base 3) to base 7.
-313
-449 (base 10) to base 5
-3244
Convert 103150 (base 7) to base 8.
43000
-117 (base 8) to base 13
-61
What is 527 (base 15) in base 12?
80a
-111000100 (base 2) to base 10
-452
What is -25175 (base 8) in base 6?
-122205
What is 32729 (base 10) in base 3?
1122220012
Convert -10124 (base 5) to base 9.
-817
What is -113115 (base 6) in base 14?
-37b9
What is 8660 (base 14) in base 4?
11222230
Convert 5b9 (base 13) to base 9.
1327
Convert 1113 (base 4) to base 3.
10020
14661 (base 11) to base 9
31424
What is 5e (base 15) in base 14?
65
Convert 7120 (base 8) to base 6.
24544
132 (base 7) to base 5
242
What is -9a2d (base 15) in base 10?
-32668
Convert -111110000 (base 2) to base 10.
-496
Convert 2098 (base 13) to base 11.
3439
Convert 1014 (base 6) to base 15.
101
Convert -222300 (base 4) to base 13.
-1326
What is -342123 (base 5) in base 9?
-17614
What is -1010222200 (base 3) in base 6?
-252330
What is 439 (base 10) in base 16?
1b7
What is 58688 (base 9) in base 12?
1a82b
2144 (base 5) to base 13
1a0
Convert -1ba (base 12) to base 15.
-141
Convert -31771 (base 9) to base 11.
-148a0
-20423 (base 8) to base 13
-3b14
-30202 (base 4) to base 5
-11202
Convert 1312002 (base 4) to base 13.
3591
What is 1011010100011 (base 2) in base 13?
283a
Convert -100010001011101 (base 2) to base 14.
-6541
Convert -142c5 (base 13) to base 7.
-215226
11323 (base 5) to base 10
838
What is 223 (base 11) in base 15?
12c
Convert -5768 (base 9) to base 14.
-17b4
Convert 1000010111010 (base 2) to base 15.
1407
2101 (base 7) to base 15
341
155 (base 11) to base 2
10110101
What is -5a2 (base 11) in base 16?
-2cd
1204010 (base 5) to base 13
a257
What is -194 (base 11) in base 8?
-340
-1142024 (base 5) to base 6
-243334
1544 (base 7) to base 11
514
556 (base 11) to base 8
1232
Convert -156 (base 11) to base 3.
-20202
-962 (base 11) to base 14
-5c9
4981 (base 13) to base 8
24256
What is -217443 (base 8) in base 16?
-11f23
What is -38d (base 16) in base 4?
-32031
Convert 2247 (base 8) to base 3.
1122010
What is -13033 (base 4) in base 7?
-1231
What is 5641 (base 7) in base 6?
13234
What is f727 (base 16) in base 9?
105711
What is 2a39 (base 14) in base 3?
101021202
-1311 (base 7) to base 6
-2150
132b (base 16) to base 4
1030223
Convert -21101 (base 3) to base 16.
-c7
What is -100001010101110 (base 2) in base 7?
-100524
What is 18a3 (base 13) in base 6?
25014
221 (base 14) to base 5
3141
What is -946e (base 16) in base 13?
-143ac
Convert -4345 (base 10) to base 12.
-2621
-1276 (base 16) to base 3
-20111001
1040 (base 6) to base 3
22220
Convert -a52 (base 15) to base 16.
-917
-1000111110 (base 2) to base 3
-210021
1434 (base 6) to base 16
17e
What is b7 (base 12) in base 14?
9d
104311 (base 5) to base 14
14ca
What is 21310 (base 5) in base 16?
5af
Convert -465 (base 10) to base 14.
-253
-457 (base 10) to base 15
-207
What is 6574 (base 11) in base 6?
104052
What is -b403 (base 12) in base 2?
-100110010000011
-1101000010011 (base 2) to base 13
-3066
100001011011 (base 2) to base 12
12a3
What is -10132 (base 5) in base 4?
-22123
Convert -11100110101 (base 2) to base 12.
-1099
What is -132660 (base 7) in base 8?
-60710
-1333411 (base 5) to base 10
-27356
What is -1091 (base 16) in base 6?
-31345
Convert -871 (base 15) to base 3.
-2121121
10211122011 (base 3) to base 6
1341434
-1505 (base 7) to base 16
-251
What is 6121 (base 7) in base 5?
31442
What is 37447 (base 8) in base 9?
24153
3330301 (base 4) to base 13
7495
What is -55 (base 11) in base 5?
-220
What is 31200100 (base 4) in base 11?
38614
Convert -161a3 (base 12) to base 10.
-31371
Convert 8b (base 14) to base 12.
a3
20111 (base 5) to base 8
2401
Convert -1338 (base 10) to base 14.
-6b8
1111001110 (base 2) to base 13
59c
adfe (base 16) to base 13
17374
Convert -11012222 (base 3) to base 12.
-1945
What is -713 (base 11) in base 6?
-3553
What is 1240 (base 12) in base 15?
929
-11102021 (base 4) to base 12
-10635
23303 (base 6) to base 12
1b33
What is 46601 (base 7) in base 2?
10111010110101
What is 466 (base 12) in base 14?
34a
What is 10211 (base 3) in base 10?
103
What is -20202 (base 4) in base 9?
-666
What is 7926 (base 13) in base 14?
6256
111110110 (base 2) to base 8
766
7414 (base 8) to base 2
111100001100
What is a370 (base 11) in base 10?
13750
-2a55 (base 14) to base 8
-16543
What is -10112 (base 7) in base 10?
-2459
111001011100 (base 2) to base 8
7134
What is 23707 (base 8) in base 5?
311213
What is 3e4 (base 15) in base 5?
12024
-15 (base 6) to base 5
-21
Convert -b (base 16) to base 4.
-23
-4322031 (base 5) to base 11
-5015a
-144 (base 5) to base 12
-41
Convert -51b (base 14) to base 12.
-6b9
What is -20404 (base 5) in base 12?
-94a
Convert -4305 (base 10) to base 11.
-3264
What is -8137 (base 11) in base 12?
-6309
Convert -2001 (base 5) to base 4.
-3323
506 (base 9) to base 6
1523
What is -1010110011110 (base 2) in base 4?
-1112132
Convert -1241440 (base 5) to base 12.
-122b8
Convert -466 (base 14) to base 2.
-1101101010
What is 2410 (base 5) in base 13?
214
What is -11000011 (base 2) in base 12?
-143
Convert -2001323 (base 5) to base 3.
-1121011022
What is -1868 (base 10) in base 8?
-3514
Convert -13121 (base 6) to base 10.
-1993
Convert 8987 (base 14) to base 9.
35623
144141 (base 7) to base 2
110110011010101
What is -59e (base 16) in base 11?
-1098
What is -163033 (base 7) in base 2?
-111111000001010
What is 24d1 (base 16) in base 12?
5555
What is -15098 (base 11) in base 14?
-7b2b
Convert -13d (base 16) to base 9.
-382
What is 1415 (base 11) in base 12?
1087
What is 1650 (base 7) in base 15?
2ec
Convert 2a15 (base 11) to base 8.
7460
Convert 3b9 (base 12) to base 6.
2353
625 (base 14) to base 3
1122210
357 (base 8) to base 16
ef
What is 157a (base 12) in base 8?
4756
What is 1341 (base 6) in base 14?
1ad
-23032 (base 4) to base 12
-4ba
-89 (base 16) to base 10
-137
1101000001 (base 2) to base 16
341
Convert -4924 (base 16) to base 4.
-102